the remainder when h is divided by 3.
2
Suppose s - 3*r = 3, s - 2*s - 3*r + 9 = 0. Suppose -l = l + s. Let j = l + 14. What is the remainder when j is divided by 6?
5
Let j = -38 + 72. What is the remainder when j is divided by 18?
16
Suppose -28 = -5*f + 4*i, -2*f + i = 6*i + 2. Let r(t) = -t - 11. Let l be r(-6). Calculate the remainder when f is divided by 4/(-6)*(2 + l).
0
Let g(l) = -6*l. Let z be g(-2). Suppose 2*v + 0*v = z. Suppose 3*i + 3*o = v, 2*i - 4*o - 13 = -i. What is the remainder when 8 is divided by i?
2
Let l(t) = 4*t - 1. Let h be l(1). Suppose -d = -h, 0 = 4*z + 3*d - 11 - 94. What is the remainder when z is divided by 13?
11
Let u = -12 - -27. What is the remainder when 27 is divided by u?
12
Let u(t) = -t**3 + 9*t**2 - 3*t - 3. What is the remainder when u(8) is divided by 20?
17
Let l(z) = z**2 - 5*z + 4. Let r be l(4). Calculate the remainder when (-40)/(0 - 1) + r is divided by 0 - (4 + -3)*-14.
12
Suppose s - 4*s = -465. Suppose -3*g - c = c - s, 265 = 5*g + 5*c. Calculate the remainder when g is divided by 17.
15
Let m = 49 - 5. Calculate the remainder when m is divided by 16.
12
Suppose 0*g + 5*g - 40 = 0. Let q(k) = k**3 + 8*k**2 + 5*k + 1. Let a = 16 - 23. Calculate the remainder when q(a) is divided by g.
7
Let s(f) = 6*f + 0 - 4*f - 3. What is the remainder when s(6) is divided by 6?
3
Let v = 38 + -21. Let x = v + -10. What is the remainder when 11 is divided by x?
4
Let t = -26 - -41. Suppose 4 = -5*p + 14. Suppose v - 171 = -p*v. What is the remainder when v is divided by t?
12
Suppose 0 = 7*b - 3 - 25. What is the remainder when 23 is divided by b?
3
Let q be (4/6)/((-12)/54). Let o = q + 5. What is the remainder when 4 is divided by o?
0
Let u(c) = -c**3 - 2*c**2 - c - 1. Calculate the remainder when 19 is divided by u(-3).
8
Let j = 15 - 5. Calculate the remainder when j is divided by 6.
4
Let t(u) = 3*u + 1. Let k(b) = b + 1. Let v(f) = -5*k(f) + t(f). Let j be v(-6). What is the remainder when 10 is divided by (9 - 1)*6/j?
4
Suppose -98 - 133 = -7*o. What is the remainder when 128 is divided by o?
29
Let p(f) = 6*f - 5. Let w be p(4). Suppose -5 = -3*t + w. Suppose 0 = 5*b + 20, 4*b = 3*l - 0 - 31. What is the remainder when t is divided by l?
3
Let j = -27 + 40. Let b = 21 - j. Suppose 3*o - 24 = -5*h, -o + 5*h = 14 - 2. Calculate the remainder when b is divided by o.
2
Let b(y) = -y**3 + 8*y**2 - 5*y + 8. Suppose -4*f + 176 = z, -52 = 4*f - z - 220. Calculate the remainder when f is divided by b(7).
21
What is the remainder when (-1)/(2 + (-70)/34) is divided by 9?
8
Calculate the remainder when 57 is divided by (1 - -6)*(-240)/(-56).
27
Suppose 0 = -w + 2*m + 63, 2*m + 141 = 2*w + m. What is the remainder when w is divided by 37?
36
Suppose 5*c = -13 + 38. Calculate the remainder when c is divided by 2.
1
Suppose 2 = 6*r - 4*r. Calculate the remainder when 5 is divided by r*8*5/10.
1
Let g(d) be the third derivative of -d**6/120 + d**5/12 - d**4/24 - d**3/3 - d**2. Suppose 5*o = 3*o + 6. Calculate the remainder when g(2) is divided by o.
2
Suppose 3*i = -0*i + 270. What is the remainder when i is divided by 31?
28
Suppose -4*j + 9*j - 2*u = 5, 0 = -3*u + 15. Let v(o) = o**2 + j + 8*o - 2*o**2 + 6. Calculate the remainder when 46 is divided by v(7).
14
Let m(b) = 2*b**2 + b - 22. Calculate the remainder when m(-7) is divided by 24.
21
Let v(w) = -w**3 + 7*w**2 - 5*w + 7. Let i = 119 + -68. Calculate the remainder when i is divided by v(6).
12
Let d(g) = g**3 + 23*g**2 - 3*g - 42. Calculate the remainder when d(-23) is divided by 15.
12
Let x be 2/7 - 12/42. Suppose x = -6*g + 5*g + 8. Let l(z) = -2*z**3 - 4*z**2 - 3*z - 1. What is the remainder when g is divided by l(-2)?
3
Let o = 11 + -9. Suppose -2*t + 3*g + 13 = 0, -g - 11 = o*t + 4*g. Calculate the remainder when 7 is divided by t.
1
Suppose -x + 4*c + 29 = 7, -5*c - 10 = 0. What is the remainder when x is divided by 5?
4
Let b be 25 + -6 + (-1 - 0). Calculate the remainder when 42 is divided by 22/3*27/b.
9
Calculate the remainder when 54 is divided by (14/6)/(3/18).
12
Calculate the remainder when (114/(-8))/((-6)/16) is divided by 10.
8
Calculate the remainder when 1/((-12)/8)*-96 is divided by 11.
9
Let j(f) = -f**2 - 10*f - 12. Let r = 20 + -28. Let w be j(r). Suppose b - 45 = 2*g - 3*g, b = w*g - 160. Calculate the remainder when g is divided by 14.
13
Suppose 2*r - r = x + 374, 3*r = -5*x + 1082. Suppose 0*o - 3*p + r = 5*o, 0 = 2*p + 4. What is the remainder when o is divided by 26?
23
Suppose -3*w - 2*y + 34 = 0, -2*y + 8 + 12 = 2*w. Calculate the remainder when 26 is divided by w.
12
Let o = -3 + 11. What is the remainder when 31 is divided by o?
7
Let d(z) = -z - 2. Suppose -4*k + 2*c + 34 = 0, 0*k + c = -k + 13. What is the remainder when k is divided by d(-8)?
4
Let j = -7 - -93. Calculate the remainder when j is divided by 29.
28
Let j(u) = -u**3 - 2*u**2 + 7*u + 10. What is the remainder when 26 is divided by j(-4)?
12
Suppose 0 = 4*c - c. Suppose 2*w + 0 - 10 = c. Suppose 9 = -4*m - 3, 5*y + 5*m - 30 = 0. Calculate the remainder when y is divided by w.
4
Let o(x) = 8*x**3 - 2*x**2 + 1. Suppose 5*h - 219 = 166. Let z = h + -50. Calculate the remainder when z is divided by o(1).
6
Let h(a) = a + 18. Suppose -2*o - 142 = -5*s, 5*s + 332 = -4*o + 3*s. Let r = -40 - o. Calculate the remainder when r is divided by h(3).
20
Suppose s + 10 = 2*s. Let i(d) be the third derivative of -d**5/60 - d**4/24 + 3*d**3 + d**2. What is the remainder when i(0) is divided by s?
8
Suppose -2*c + 6*c + 3*x - 19 = 0, -2*x = 5*c - 29. What is the remainder when c is divided by 2?
1
Calculate the remainder when (-1599)/(-52) + (-2)/(-8) is divided by 11.
9
Let v = -50 - -88. What is the remainder when v is divided by 20?
18
Let k(z) = -20*z. Let j(m) = m**2 + 10*m - 8. Let b be j(-11). Suppose 2*a = b*h - 11, -2*h - a + 19 = -0*h. Calculate the remainder when k(-1) is divided by h.
6
Let k = -18 + 21. What is the remainder when 7 is divided by k?
1
Let x = 67 + -30. Let n be (5 - 0) + (-2)/1. Suppose -n*j = -2*j - 13. Calculate the remainder when x is divided by j.
11
Suppose -5*l = -11 + 1. Let a = l + 4. What is the remainder when 20 is divided by a?
2
Suppose 0 = -7*h + 3*h - 5*m + 35, 0 = 2*h + 3*m - 17. Let x = -1 + -1. What is the remainder when ((-28)/3)/(x/6) is divided by h?
8
Suppose 1786 = 4*q - 126. Suppose 88 = -5*g + q. Calculate the remainder when g/5 - (-2)/5 is divided by 6.
4
Let y(s) = 3*s**2 + 3*s - 13. What is the remainder when 232 is divided by y(-5)?
44
Suppose -9 = l + 12. Let o = -1 - l. What is the remainder when o is divided by 11?
9
Suppose 2*x + 24 = g - 29, 5*g + x - 298 = 0. What is the remainder when g is divided by 16?
11
Suppose 2*t = 3*h - h + 116, 182 = 3*t - 5*h. Let y = t - 32. Calculate the remainder when y is divided by 6.
4
What is the remainder when (21/9 - 2)*9 is divided by 1?
0
Let h = -34 + 63. Calculate the remainder when h is divided by 16.
13
Suppose 0 = -2*m + 1 + 27. Suppose -86 = -2*r + m. Calculate the remainder when r is divided by 13.
11
Let i be (-210)/36 + (-1)/6. Let w be -10*1*i/5. What is the remainder when 50 is divided by 315/12 - 3/w?
24
Suppose -24 = 4*v - 136. Let n(d) = 3*d**2 + d. Let o be n(-1). Suppose -3*k - o*k + 75 = 0. What is the remainder when v is divided by k?
13
Let m = -53 - -18. Let a be 195/m - (-6)/(-14). What is the remainder when 16 is divided by (-43)/(-5) - a/15?
7
Suppose -2*j + 5*s + 25 = 0, j + 5*s + 25 = -j. Suppose 3*f + n = 2*f + 3, -2*f - 3*n + 5 = j. Calculate the remainder when 6 is divided by f.
2
Suppose 3 = 3*c + 9, -2*r + c = -80. Calculate the remainder when r is divided by 14.
11
Let w be (3 - 4) + -2 + 8. Suppose -2*i = u - 20, -3*u - w = 3*i - 35. What is the remainder when 27 is divided by i?
7
Let b(j) = -j**2 + 4*j + 4. Let i be b(6). Suppose -30 = 3*z + 18. Let y = i - z. Calculate the remainder when 14 is divided by y.
6
Let d(t) = -35*t**3 + t**2 + t. Calculate the remainder when d(-1) is divided by 19.
16
Suppose 0 = 4*g + 2*g - 60. Calculate the remainder when 35 is divided by g.
5
Suppose -4*a + 12 = 0, 4*a + 4 = -0*r + 2*r. Let k(u) = 24*u**3 - 3*u**2 + 3*u - 1. Calculate the remainder when k(1) is divided by r.
7
What is the remainder wh